{"id":13827,"date":"2017-08-31T09:32:09","date_gmt":"2017-08-31T09:32:09","guid":{"rendered":"https:\/\/consulting.vamtam.com\/?page_id=13827"},"modified":"2026-05-07T22:27:02","modified_gmt":"2026-05-07T22:27:02","slug":"inicio","status":"publish","type":"page","link":"https:\/\/www.educaemprende.com\/","title":{"rendered":"INICIO"},"content":{"rendered":"<div class=\"vgblk-rw-wrapper limit-wrapper\">\n\n    <img decoding=\"async\" src=\"https:\/\/www.educaemprende.com\/wp-content\/uploads\/2025\/12\/logo-CADI-300x300.png\" alt=\"\"\/>\n    <img decoding=\"async\" src=\"https:\/\/www.educaemprende.com\/wp-content\/uploads\/2025\/12\/logo-col-adventis-300x300.png\" alt=\"\"\/>\n    <img decoding=\"async\" src=\"https:\/\/www.educaemprende.com\/wp-content\/uploads\/2025\/12\/logo-col-bilin-apre-300x300.png\" alt=\"\"\/>\n    <img decoding=\"async\" src=\"https:\/\/www.educaemprende.com\/wp-content\/uploads\/2025\/12\/logo-col-gab-mistral-300x300.png\" alt=\"\"\/>\n    <img decoding=\"async\" src=\"https:\/\/www.educaemprende.com\/wp-content\/uploads\/2025\/12\/logo-col-saintp-300x300.png\" alt=\"\"\/>\n    <img decoding=\"async\" src=\"https:\/\/www.educaemprende.com\/wp-content\/uploads\/2025\/12\/logo-col-san-agustin-300x300.png\" alt=\"\"\/>\n    <img decoding=\"async\" src=\"https:\/\/www.educaemprende.com\/wp-content\/uploads\/2025\/12\/logo-col-san-g-300x300.png\" alt=\"\"\/>\n    <img decoding=\"async\" src=\"https:\/\/www.educaemprende.com\/wp-content\/uploads\/2025\/12\/logo-inst-guadalup-300x300.png\" alt=\"\"\/>\n    <img decoding=\"async\" src=\"https:\/\/www.educaemprende.com\/wp-content\/uploads\/2025\/12\/logo-inst-pana-pa-dav-300x300.png\" alt=\"\"\/>\n    <img decoding=\"async\" src=\"https:\/\/www.educaemprende.com\/wp-content\/uploads\/2025\/12\/logo-lasalle-300x300.png\" alt=\"\"\/>\n    <img decoding=\"async\" src=\"https:\/\/www.educaemprende.com\/wp-content\/uploads\/2025\/12\/logo-lasesclavas-300x300.png\" alt=\"\"\/>\n    <img decoding=\"async\" src=\"https:\/\/www.educaemprende.com\/wp-content\/uploads\/2025\/12\/logo-lincoln-300x300.png\" alt=\"\"\/>\n    <!-- Repite las mismas im\u00e1genes para el efecto infinito -->\n     <img decoding=\"async\" src=\"https:\/\/www.educaemprende.com\/wp-content\/uploads\/2025\/12\/logo-CADI-300x300.png\" alt=\"\"\/>\n    <img decoding=\"async\" src=\"https:\/\/www.educaemprende.com\/wp-content\/uploads\/2025\/12\/logo-col-adventis-300x300.png\" alt=\"\"\/>\n    <img decoding=\"async\" src=\"https:\/\/educaemprende.com\/wp-content\/uploads\/2025\/12\/logoinstitutoatenea300x300.png\" alt=\"\"\/>\n    <img decoding=\"async\" src=\"https:\/\/www.educaemprende.com\/wp-content\/uploads\/2025\/12\/logo-col-gab-mistral-300x300.png\" alt=\"\"\/>\n    <img decoding=\"async\" src=\"https:\/\/www.educaemprende.com\/wp-content\/uploads\/2025\/12\/logo-col-saintp-300x300.png\" alt=\"\"\/>\n    <img decoding=\"async\" src=\"https:\/\/www.educaemprende.com\/wp-content\/uploads\/2025\/12\/logo-col-san-agustin-300x300.png\" alt=\"\"\/>\n    <img decoding=\"async\" src=\"https:\/\/www.educaemprende.com\/wp-content\/uploads\/2025\/12\/logo-col-san-g-300x300.png\" alt=\"\"\/>\n    <img decoding=\"async\" src=\"https:\/\/www.educaemprende.com\/wp-content\/uploads\/2025\/12\/logo-inst-guadalup-300x300.png\" alt=\"\"\/>\n    <img decoding=\"async\" src=\"https:\/\/www.educaemprende.com\/wp-content\/uploads\/2025\/12\/logo-inst-pana-pa-dav-300x300.png\" alt=\"\"\/>\n    <img decoding=\"async\" src=\"https:\/\/www.educaemprende.com\/wp-content\/uploads\/2025\/12\/logo-lasalle-300x300.png\" alt=\"\"\/>\n    <img decoding=\"async\" src=\"https:\/\/www.educaemprende.com\/wp-content\/uploads\/2025\/12\/logo-lasesclavas-300x300.png\" alt=\"\"\/>\n    <img decoding=\"async\" src=\"https:\/\/www.educaemprende.com\/wp-content\/uploads\/2025\/12\/logo-lincoln-300x300.png\" alt=\"\"\/>\n<style>\n.carousel-container {\n  width: 100%;\n  overflow: hidden;\n  background-color: white; \/* Puedes cambiar *\/\n  padding: 5px 0;\n}\n.carousel-track {\n  display: flex;\n  width: calc(500px * 10); \/* 10 im\u00e1genes (5 reales + 5 duplicadas) *\/\n  animation: scroll 20s linear infinite;\n}\n.carousel-track img {\n  width: 250px; \/* \ud83d\udd39Ajusta el ancho *\/\n  height: 100px;\n  margin: 0 20px; \/* \ud83d\udd39Separaci\u00f3n entre logos *\/\n  object-fit: contain;\n   \/* filter: grayscale(1); \ud83d\udd39Blanco\/Negro Profesional *\/\n  transition: 0.3s ease;\n}\n.carousel-track img:hover {\n  filter: grayscale(0); \/* Se ve a color al pasar el mouse *\/\n  transform: scale(1.05);\n}\n@keyframes scroll {\n  0% { transform: translateX(0); }\n  100% { transform: translateX(-50%); }\n}\n<\/style>\n\t\t\t\t\t\t\t<img loading=\"lazy\" decoding=\"async\" src=\"https:\/\/www.educaemprende.com\/wp-content\/uploads\/2025\/11\/LOGO-EDUCA-EMPRENDE_SIN-FONDOv2-edited.png\" alt=\"LOGO - EDUCA EMPRENDE_SIN FONDOv2\" itemprop=\"image\" height=\"608\" width=\"1080\" title=\"LOGO - EDUCA EMPRENDE_SIN FONDOv2\" onerror=\"this.style.display='none'\"  sizes=\"\" srcset=\"https:\/\/www.educaemprende.com\/wp-content\/uploads\/2025\/11\/LOGO-EDUCA-EMPRENDE_SIN-FONDOv2-edited.png 1080w, https:\/\/www.educaemprende.com\/wp-content\/uploads\/2025\/11\/LOGO-EDUCA-EMPRENDE_SIN-FONDOv2-edited-300x169.png 300w, https:\/\/www.educaemprende.com\/wp-content\/uploads\/2025\/11\/LOGO-EDUCA-EMPRENDE_SIN-FONDOv2-edited-1024x576.png 1024w, https:\/\/www.educaemprende.com\/wp-content\/uploads\/2025\/11\/LOGO-EDUCA-EMPRENDE_SIN-FONDOv2-edited-768x432.png 768w, https:\/\/www.educaemprende.com\/wp-content\/uploads\/2025\/11\/LOGO-EDUCA-EMPRENDE_SIN-FONDOv2-edited-630x355.png 630w, https:\/\/www.educaemprende.com\/wp-content\/uploads\/2025\/11\/LOGO-EDUCA-EMPRENDE_SIN-FONDOv2-edited-420x236.png 420w, https:\/\/www.educaemprende.com\/wp-content\/uploads\/2025\/11\/LOGO-EDUCA-EMPRENDE_SIN-FONDOv2-edited-840x473.png 840w, https:\/\/www.educaemprende.com\/wp-content\/uploads\/2025\/11\/LOGO-EDUCA-EMPRENDE_SIN-FONDOv2-edited-315x177.png 315w\" \/>\t\t\t\t\t\t\t\n\t<hr \/>\n\t<p>En <strong>EDUCAEMPRENDE<\/strong> transformamos la educaci\u00f3n escolar, desarrollando cultura empresarial y emprendimiento en los estudiantes de primaria y secundaria a trav\u00e9s de un programa estructurado, experiencias pr\u00e1cticas y el trabajo conjunto con instituciones educativas, formamos j\u00f3venes \u00edntegros, creativos, con habilidades empresariales y para la vida, capaces de generar un impacto positivo en su entorno.<\/p>\n<p> Nos especializamos en la ense\u00f1anza del emprendimiento, preparando a los estudiantes para convertirse en emprendedores o intraemprendedores exitosos en un mundo en constante cambio.<\/p>\n\t\t\t\t\t\t\t<img loading=\"lazy\" decoding=\"async\" src=\"https:\/\/www.educaemprende.com\/wp-content\/uploads\/2025\/10\/objetivo.png\" alt=\"objetivo\" itemprop=\"image\" height=\"187\" width=\"1391\" title=\"objetivo\" onerror=\"this.style.display='none'\"  sizes=\"(max-width: 768px) 100vw, 100vw\" srcset=\"https:\/\/www.educaemprende.com\/wp-content\/uploads\/2025\/10\/objetivo.png 1391w, https:\/\/www.educaemprende.com\/wp-content\/uploads\/2025\/10\/objetivo-300x40.png 300w, https:\/\/www.educaemprende.com\/wp-content\/uploads\/2025\/10\/objetivo-1024x138.png 1024w, https:\/\/www.educaemprende.com\/wp-content\/uploads\/2025\/10\/objetivo-768x103.png 768w, https:\/\/www.educaemprende.com\/wp-content\/uploads\/2025\/10\/objetivo-1260x169.png 1260w, https:\/\/www.educaemprende.com\/wp-content\/uploads\/2025\/10\/objetivo-630x85.png 630w, https:\/\/www.educaemprende.com\/wp-content\/uploads\/2025\/10\/objetivo-420x56.png 420w, https:\/\/www.educaemprende.com\/wp-content\/uploads\/2025\/10\/objetivo-840x113.png 840w, https:\/\/www.educaemprende.com\/wp-content\/uploads\/2025\/10\/objetivo-315x42.png 315w\" \/>\t\t\t\t\t\t\t\n\t<p> Crear una cultura de emprendimiento en los colegios, ampliar la visi\u00f3n de los estudiantes brind\u00e1ndoles otra alternativa para su futuro y apoy\u00e1ndolos para que transformen sus sue\u00f1os y pasiones en una realidad, as\u00ed como <strong>formarlos como agentes de cambio<\/strong>, capaces de innovar, emprender y contribuir activamente al crecimiento de su comunidad. <\/p>\n\t<p><img loading=\"lazy\" decoding=\"async\" src=\"https:\/\/www.educaemprende.com\/wp-content\/uploads\/2025\/10\/rompecabezas-300x300.png\" alt=\"\" width=\"208\" height=\"208\" \/><\/p>\n\t\t\t\t\t\t\t<img loading=\"lazy\" decoding=\"async\" src=\"https:\/\/www.educaemprende.com\/wp-content\/uploads\/2025\/10\/VALORES-300x68.png\" alt=\"VALORES\" itemprop=\"image\" height=\"68\" width=\"300\" title=\"VALORES\" onerror=\"this.style.display='none'\"  sizes=\"(max-width: 768px) 100vw, 100vw\" srcset=\"https:\/\/www.educaemprende.com\/wp-content\/uploads\/2025\/10\/VALORES-300x68.png 300w, https:\/\/www.educaemprende.com\/wp-content\/uploads\/2025\/10\/VALORES-768x174.png 768w, https:\/\/www.educaemprende.com\/wp-content\/uploads\/2025\/10\/VALORES-630x143.png 630w, https:\/\/www.educaemprende.com\/wp-content\/uploads\/2025\/10\/VALORES-420x95.png 420w, https:\/\/www.educaemprende.com\/wp-content\/uploads\/2025\/10\/VALORES-315x71.png 315w, https:\/\/www.educaemprende.com\/wp-content\/uploads\/2025\/10\/VALORES.png 826w\" \/>\t\t\t\t\t\t\t\n  <h3>Emprendimiento con prop\u00f3sito<\/h3>\n  <p>Fomentamos ideas que no solo generen valor econ\u00f3mico, sino tambi\u00e9n social y ambiental.<\/p>\n  <h3>Innovaci\u00f3n Educativa<\/h3>\n  <p>Dise\u00f1amos experiencias de aprendizaje din\u00e1micas, pr\u00e1cticas y alineadas con las necesidades del mundo actual.<\/p>\n  <h3>Colaboraci\u00f3n<\/h3>\n  <p>Trabajamos en alianza con colegios, docentes, familias y estudiantes, reconociendo el valor del trabajo en equipo.<\/p>\n  <h3>Impacto Positivo<\/h3>\n  <p>Creemos en el poder transformador de la educaci\u00f3n emprendedora para mejorar vidas y comunidades.<\/p>\n  <img decoding=\"async\" src=\"https:\/\/www.educaemprende.com\/wp-content\/uploads\/2025\/11\/Foto-Charla-a-Atenea-edited.jpg\" alt=\"\"\/>\n  <video id=\"mainVideo\" preload=\"metadata\" playsinline controls=\"\">\n    <source src=\"https:\/\/www.educaemprende.com\/wp-content\/uploads\/2025\/12\/Promo-Educaemprende-Nov25-Horizontal-1-Con-Subtitulos-comprimido.mp4\"\/>\n  <\/video>\n  \n\n<\/div><!-- .vgblk-rw-wrapper -->","protected":false},"excerpt":{"rendered":"<p>En EDUCAEMPRENDE transformamos la educaci\u00f3n escolar, desarrollando cultura empresarial y emprendimiento en los estudiantes de primaria y secundaria a trav\u00e9s de un programa estructurado, experiencias pr\u00e1cticas y el trabajo conjunto con instituciones educativas, formamos j\u00f3venes \u00edntegros, creativos, con habilidades empresariales y para la vida, capaces de generar un impacto positivo en su entorno. Nos especializamos&#8230;<\/p>\n","protected":false},"author":1,"featured_media":0,"parent":0,"menu_order":0,"comment_status":"closed","ping_status":"closed","template":"","meta":{"inline_featured_image":false,"footnotes":""},"class_list":["post-13827","page","type-page","status-publish","hentry"],"jetpack_sharing_enabled":true,"rttpg_featured_image_url":null,"rttpg_author":{"display_name":"","author_link":"https:\/\/www.educaemprende.com\/index.php\/author\/"},"rttpg_comment":0,"rttpg_category":null,"rttpg_excerpt":"En EDUCAEMPRENDE transformamos la educaci\u00f3n escolar, desarrollando cultura empresarial y emprendimiento en los estudiantes de primaria y secundaria a trav\u00e9s de un programa estructurado, experiencias pr\u00e1cticas y el trabajo conjunto con instituciones educativas, formamos j\u00f3venes \u00edntegros, creativos, con habilidades empresariales y para la vida, capaces de generar un impacto positivo en su entorno. Nos especializamos...","_links":{"self":[{"href":"https:\/\/www.educaemprende.com\/index.php\/wp-json\/wp\/v2\/pages\/13827","targetHints":{"allow":["GET"]}}],"collection":[{"href":"https:\/\/www.educaemprende.com\/index.php\/wp-json\/wp\/v2\/pages"}],"about":[{"href":"https:\/\/www.educaemprende.com\/index.php\/wp-json\/wp\/v2\/types\/page"}],"author":[{"embeddable":true,"href":"https:\/\/www.educaemprende.com\/index.php\/wp-json\/wp\/v2\/users\/1"}],"replies":[{"embeddable":true,"href":"https:\/\/www.educaemprende.com\/index.php\/wp-json\/wp\/v2\/comments?post=13827"}],"version-history":[{"count":134,"href":"https:\/\/www.educaemprende.com\/index.php\/wp-json\/wp\/v2\/pages\/13827\/revisions"}],"predecessor-version":[{"id":991401,"href":"https:\/\/www.educaemprende.com\/index.php\/wp-json\/wp\/v2\/pages\/13827\/revisions\/991401"}],"wp:attachment":[{"href":"https:\/\/www.educaemprende.com\/index.php\/wp-json\/wp\/v2\/media?parent=13827"}],"curies":[{"name":"wp","href":"https:\/\/api.w.org\/{rel}","templated":true}]}}