{"id":989099,"date":"2025-10-22T03:39:15","date_gmt":"2025-10-22T03:39:15","guid":{"rendered":"https:\/\/www.educaemprende.com\/?page_id=989099"},"modified":"2026-04-27T21:29:31","modified_gmt":"2026-04-27T21:29:31","slug":"financial-modern-copy-2","status":"publish","type":"page","link":"https:\/\/www.educaemprende.com\/","title":{"rendered":"BK_INICIO_21-10-2025"},"content":{"rendered":"<div class=\"vgblk-rw-wrapper limit-wrapper\">\n\n\t\t\t\t\t\t\t<img loading=\"lazy\" decoding=\"async\" src=\"https:\/\/www.educaemprende.com\/wp-content\/uploads\/2023\/11\/LOGO-EDUCA-EMPRENDE_SIN-FONDO-150x150.png\" alt=\"LOGO - EDUCA EMPRENDE_SIN FONDO\" itemprop=\"image\" height=\"150\" width=\"150\" title=\"LOGO - EDUCA EMPRENDE_SIN FONDO\" onerror=\"this.style.display='none'\"  sizes=\"(max-width: 768px) 100vw, 100vw\" srcset=\"https:\/\/www.educaemprende.com\/wp-content\/uploads\/2023\/11\/LOGO-EDUCA-EMPRENDE_SIN-FONDO-150x150.png 150w, https:\/\/www.educaemprende.com\/wp-content\/uploads\/2023\/11\/LOGO-EDUCA-EMPRENDE_SIN-FONDO-300x300.png 300w, https:\/\/www.educaemprende.com\/wp-content\/uploads\/2023\/11\/LOGO-EDUCA-EMPRENDE_SIN-FONDO-420x420.png 420w, https:\/\/www.educaemprende.com\/wp-content\/uploads\/2023\/11\/LOGO-EDUCA-EMPRENDE_SIN-FONDO-315x315.png 315w, https:\/\/www.educaemprende.com\/wp-content\/uploads\/2023\/11\/LOGO-EDUCA-EMPRENDE_SIN-FONDO-100x100.png 100w, https:\/\/www.educaemprende.com\/wp-content\/uploads\/2023\/11\/LOGO-EDUCA-EMPRENDE_SIN-FONDO.png 512w\" \/>\t\t\t\t\t\t\t\n<h3>\n\t\t\tEDUCAEMPRENDE\t<\/h3>\n\t<h5><b>\u00bfQu\u00e9 es Educaemprende?<\/b><\/h5>\n\t<hr \/>\n\t<p>En <strong>Educaemprende<\/strong> transformamos la educaci\u00f3n escolar, desarrollando cultura empresarial y emprendimiento en los estudiantes de primaria y secundaria a trav\u00e9s de un programa estructurado, experiencias pr\u00e1cticas y el trabajo conjunto con instituciones educativas, <strong>formamos j\u00f3venes \u00edntegros, creativos, con habilidades empresariales y para la vida<\/strong>, capaces de generar un impacto positivo en su entorno.<\/p>\n<p>Nos especializamos en la ense\u00f1anza\u00a0del emprendimiento, preparando a los estudiantes para convertirse en emprendedores o intraemprendedores exitosos en un mundo en constante cambio.<\/p>\n<h3>\n\t\t\tVISI\u00d3N\t<\/h3>\n\t\t\t\t\t\t\t<img loading=\"lazy\" decoding=\"async\" src=\"https:\/\/www.educaemprende.com\/wp-content\/uploads\/2024\/04\/Icono-Intelectual-150x150.jpg\" alt=\"\u00cdcono Intelectual\" itemprop=\"image\" height=\"150\" width=\"150\" title=\"\u00cdcono Intelectual\" onerror=\"this.style.display='none'\"  sizes=\"(max-width: 768px) 100vw, 100vw\" srcset=\"https:\/\/www.educaemprende.com\/wp-content\/uploads\/2024\/04\/Icono-Intelectual-150x150.jpg 150w, https:\/\/www.educaemprende.com\/wp-content\/uploads\/2024\/04\/Icono-Intelectual-300x300.jpg 300w, https:\/\/www.educaemprende.com\/wp-content\/uploads\/2024\/04\/Icono-Intelectual-768x768.jpg 768w, https:\/\/www.educaemprende.com\/wp-content\/uploads\/2024\/04\/Icono-Intelectual-630x630.jpg 630w, https:\/\/www.educaemprende.com\/wp-content\/uploads\/2024\/04\/Icono-Intelectual-420x420.jpg 420w, https:\/\/www.educaemprende.com\/wp-content\/uploads\/2024\/04\/Icono-Intelectual-840x840.jpg 840w, https:\/\/www.educaemprende.com\/wp-content\/uploads\/2024\/04\/Icono-Intelectual-315x315.jpg 315w, https:\/\/www.educaemprende.com\/wp-content\/uploads\/2024\/04\/Icono-Intelectual-100x100.jpg 100w, https:\/\/www.educaemprende.com\/wp-content\/uploads\/2024\/04\/Icono-Intelectual.jpg 1000w\" \/>\t\t\t\t\t\t\t\n\t<hr \/>\n\t<p>Transformar la forma en que los estudiantes aprenden, piensan y act\u00faan, convirti\u00e9ndolos en agentes de cambio capaces de crear oportunidades y aportar soluciones sostenibles a la sociedad.<\/p>\n\t<h3>MISI\u00d3N<\/h3>\n\t<p>Nuestro prop\u00f3sito es despertar en cada ni\u00f1o y joven la capacidad de generar ideas, tomar decisiones y construir proyectos que impacten positivamente en su vida, en su comunidad y en el futuro de Panam\u00e1.<\/p>\n<h3>\n\t\t\tNUESTRO OBJETIVO PRINCIPAL\t<\/h3>\n\t\t\t\t\t\t\t<img loading=\"lazy\" decoding=\"async\" src=\"https:\/\/www.educaemprende.com\/wp-content\/uploads\/2024\/04\/Icono-Emprendimiento-150x150.jpg\" alt=\"\u00cdcono Emprendimiento\" itemprop=\"image\" height=\"150\" width=\"150\" title=\"\u00cdcono Emprendimiento\" onerror=\"this.style.display='none'\"  sizes=\"(max-width: 768px) 100vw, 100vw\" srcset=\"https:\/\/www.educaemprende.com\/wp-content\/uploads\/2024\/04\/Icono-Emprendimiento-150x150.jpg 150w, https:\/\/www.educaemprende.com\/wp-content\/uploads\/2024\/04\/Icono-Emprendimiento-300x300.jpg 300w, https:\/\/www.educaemprende.com\/wp-content\/uploads\/2024\/04\/Icono-Emprendimiento-768x768.jpg 768w, https:\/\/www.educaemprende.com\/wp-content\/uploads\/2024\/04\/Icono-Emprendimiento-630x630.jpg 630w, https:\/\/www.educaemprende.com\/wp-content\/uploads\/2024\/04\/Icono-Emprendimiento-420x420.jpg 420w, https:\/\/www.educaemprende.com\/wp-content\/uploads\/2024\/04\/Icono-Emprendimiento-840x840.jpg 840w, https:\/\/www.educaemprende.com\/wp-content\/uploads\/2024\/04\/Icono-Emprendimiento-315x315.jpg 315w, https:\/\/www.educaemprende.com\/wp-content\/uploads\/2024\/04\/Icono-Emprendimiento-100x100.jpg 100w, https:\/\/www.educaemprende.com\/wp-content\/uploads\/2024\/04\/Icono-Emprendimiento.jpg 1000w\" \/>\t\t\t\t\t\t\t\n\t<hr \/>\n\t<p>Crear una cultura de emprendimiento en los colegios, ampliar la visi\u00f3n de los estudiantes brind\u00e1ndoles otra alternativa para su futuro y apoy\u00e1ndolos para que transformen sus sue\u00f1os y pasiones en una realidad, as\u00ed como formarlos como <strong>agentes de cambio, capaces de innovar, emprender y contribuir activamente al crecimiento de su comunidad<\/strong>.<\/p>\n\t<h3>VALORES<\/h3>\n\t\t\tEmprendimiento con prop\u00f3sito\n\t\t<p>Fomentamos ideas que no solo generen valor econ\u00f3mico, sino tambien social y ambiental.<\/p>\n\t\t\tInnovaci\u00f3n Educativa\n\t\t<p>Dise\u00f1amos experiencias de aprendizaje din\u00e1micas, pr\u00e1cticas y alineadas con las necesidades de mundo actual.<\/p>\n\t\t\tColaboraci\u00f3n\n\t\t<p>Trabajamos en alianza con colegios, docentes, familias y estudiantes, reconociendo el valor del trabajo en equipo.<\/p>\n\t\t\tImpacto Positivo\n\t\t<p>Creemos en el poder transformador de la educaci\u00f3n emprendedora para mejorar vidas y comunidades<\/p>\n\t\t<meta itemprop=\"url\" content=\"https:\/\/www.educaemprende.com\/wp-content\/uploads\/2025\/10\/VIDEO-PROMOCIONAL-EDUCAEMPRENDE-5-comprimido.mp4\" \/><div style=\"width: 640px;\" class=\"wp-video\"><!--[if lt IE 9]><script>document.createElement('video');<\/script><![endif]-->\n<video class=\"wp-video-shortcode\" id=\"video-989099-1\" width=\"640\" height=\"360\" poster=\"https:\/\/www.educaemprende.com\/wp-content\/uploads\/2023\/12\/Valores-1.jpg\" preload=\"none\" controls=\"controls\"><source type=\"video\/mp4\" src=\"https:\/\/www.educaemprende.com\/wp-content\/uploads\/2025\/10\/VIDEO-PROMOCIONAL-EDUCAEMPRENDE-5-comprimido.mp4?_=1\" \/><source type=\"video\/mp4\" src=\"https:\/\/www.educaemprende.com\/wp-content\/uploads\/2025\/10\/VIDEO-PROMOCIONAL-EDUCAEMPRENDE-5-comprimido.mp4?_=1\" \/><a href=\"https:\/\/www.educaemprende.com\/wp-content\/uploads\/2025\/10\/VIDEO-PROMOCIONAL-EDUCAEMPRENDE-5-comprimido.mp4\">https:\/\/www.educaemprende.com\/wp-content\/uploads\/2025\/10\/VIDEO-PROMOCIONAL-EDUCAEMPRENDE-5-comprimido.mp4<\/a><\/video><\/div>\t\n\n<\/div><!-- .vgblk-rw-wrapper -->","protected":false},"excerpt":{"rendered":"<p>EDUCAEMPRENDE \u00bfQu\u00e9 es Educaemprende? En Educaemprende transformamos la educaci\u00f3n escolar, desarrollando cultura empresarial y emprendimiento en los estudiantes de primaria y secundaria a trav\u00e9s de un programa estructurado, experiencias pr\u00e1cticas y el trabajo conjunto con instituciones educativas, formamos j\u00f3venes \u00edntegros, creativos, con habilidades empresariales y para la vida, capaces de generar un impacto positivo en&#8230;<\/p>\n","protected":false},"author":5,"featured_media":0,"parent":0,"menu_order":0,"comment_status":"closed","ping_status":"closed","template":"","meta":{"inline_featured_image":false,"footnotes":""},"class_list":["post-989099","page","type-page","status-publish","hentry"],"jetpack_sharing_enabled":true,"rttpg_featured_image_url":null,"rttpg_author":{"display_name":"Web Master","author_link":"https:\/\/www.educaemprende.com\/index.php\/author\/yosimar\/"},"rttpg_comment":0,"rttpg_category":null,"rttpg_excerpt":"EDUCAEMPRENDE \u00bfQu\u00e9 es Educaemprende? En Educaemprende transformamos la educaci\u00f3n escolar, desarrollando cultura empresarial y emprendimiento en los estudiantes de primaria y secundaria a trav\u00e9s de un programa estructurado, experiencias pr\u00e1cticas y el trabajo conjunto con instituciones educativas, formamos j\u00f3venes \u00edntegros, creativos, con habilidades empresariales y para la vida, capaces de generar un impacto positivo en...","_links":{"self":[{"href":"https:\/\/www.educaemprende.com\/index.php\/wp-json\/wp\/v2\/pages\/989099","targetHints":{"allow":["GET"]}}],"collection":[{"href":"https:\/\/www.educaemprende.com\/index.php\/wp-json\/wp\/v2\/pages"}],"about":[{"href":"https:\/\/www.educaemprende.com\/index.php\/wp-json\/wp\/v2\/types\/page"}],"author":[{"embeddable":true,"href":"https:\/\/www.educaemprende.com\/index.php\/wp-json\/wp\/v2\/users\/5"}],"replies":[{"embeddable":true,"href":"https:\/\/www.educaemprende.com\/index.php\/wp-json\/wp\/v2\/comments?post=989099"}],"version-history":[{"count":1,"href":"https:\/\/www.educaemprende.com\/index.php\/wp-json\/wp\/v2\/pages\/989099\/revisions"}],"predecessor-version":[{"id":989100,"href":"https:\/\/www.educaemprende.com\/index.php\/wp-json\/wp\/v2\/pages\/989099\/revisions\/989100"}],"wp:attachment":[{"href":"https:\/\/www.educaemprende.com\/index.php\/wp-json\/wp\/v2\/media?parent=989099"}],"curies":[{"name":"wp","href":"https:\/\/api.w.org\/{rel}","templated":true}]}}

<div class="vgblk-rw-wrapper limit-wrapper">

							<img loading="lazy" decoding="async" src="https://www.educaemprende.com/wp-content/uploads/2023/11/LOGO-EDUCA-EMPRENDE_SIN-FONDO-150x150.png" alt="LOGO - EDUCA EMPRENDE_SIN FONDO" itemprop="image" height="150" width="150" title="LOGO - EDUCA EMPRENDE_SIN FONDO" onerror="this.style.display='none'"  sizes="(max-width: 768px) 100vw, 100vw" srcset="https://www.educaemprende.com/wp-content/uploads/2023/11/LOGO-EDUCA-EMPRENDE_SIN-FONDO-150x150.png 150w, https://www.educaemprende.com/wp-content/uploads/2023/11/LOGO-EDUCA-EMPRENDE_SIN-FONDO-300x300.png 300w, https://www.educaemprende.com/wp-content/uploads/2023/11/LOGO-EDUCA-EMPRENDE_SIN-FONDO-420x420.png 420w, https://www.educaemprende.com/wp-content/uploads/2023/11/LOGO-EDUCA-EMPRENDE_SIN-FONDO-315x315.png 315w, https://www.educaemprende.com/wp-content/uploads/2023/11/LOGO-EDUCA-EMPRENDE_SIN-FONDO-100x100.png 100w, https://www.educaemprende.com/wp-content/uploads/2023/11/LOGO-EDUCA-EMPRENDE_SIN-FONDO.png 512w" />							
<h3>
			EDUCAEMPRENDE	</h3>
	<h5><b>¿Qué es Educaemprende?</b></h5>
	<hr />
	<p>En <strong>Educaemprende</strong> transformamos la educación escolar, desarrollando cultura empresarial y emprendimiento en los estudiantes de primaria y secundaria a través de un programa estructurado, experiencias prácticas y el trabajo conjunto con instituciones educativas, <strong>formamos jóvenes íntegros, creativos, con habilidades empresariales y para la vida</strong>, capaces de generar un impacto positivo en su entorno.</p>
<p>Nos especializamos en la enseñanza del emprendimiento, preparando a los estudiantes para convertirse en emprendedores o intraemprendedores exitosos en un mundo en constante cambio.</p>
<h3>
			VISIÓN	</h3>
							<img loading="lazy" decoding="async" src="https://www.educaemprende.com/wp-content/uploads/2024/04/Icono-Intelectual-150x150.jpg" alt="Ícono Intelectual" itemprop="image" height="150" width="150" title="Ícono Intelectual" onerror="this.style.display='none'"  sizes="(max-width: 768px) 100vw, 100vw" srcset="https://www.educaemprende.com/wp-content/uploads/2024/04/Icono-Intelectual-150x150.jpg 150w, https://www.educaemprende.com/wp-content/uploads/2024/04/Icono-Intelectual-300x300.jpg 300w, https://www.educaemprende.com/wp-content/uploads/2024/04/Icono-Intelectual-768x768.jpg 768w, https://www.educaemprende.com/wp-content/uploads/2024/04/Icono-Intelectual-630x630.jpg 630w, https://www.educaemprende.com/wp-content/uploads/2024/04/Icono-Intelectual-420x420.jpg 420w, https://www.educaemprende.com/wp-content/uploads/2024/04/Icono-Intelectual-840x840.jpg 840w, https://www.educaemprende.com/wp-content/uploads/2024/04/Icono-Intelectual-315x315.jpg 315w, https://www.educaemprende.com/wp-content/uploads/2024/04/Icono-Intelectual-100x100.jpg 100w, https://www.educaemprende.com/wp-content/uploads/2024/04/Icono-Intelectual.jpg 1000w" />							
	<hr />
	<p>Transformar la forma en que los estudiantes aprenden, piensan y actúan, convirtiéndolos en agentes de cambio capaces de crear oportunidades y aportar soluciones sostenibles a la sociedad.</p>
	<h3>MISIÓN</h3>
	<p>Nuestro propósito es despertar en cada niño y joven la capacidad de generar ideas, tomar decisiones y construir proyectos que impacten positivamente en su vida, en su comunidad y en el futuro de Panamá.</p>
<h3>
			NUESTRO OBJETIVO PRINCIPAL	</h3>
							<img loading="lazy" decoding="async" src="https://www.educaemprende.com/wp-content/uploads/2024/04/Icono-Emprendimiento-150x150.jpg" alt="Ícono Emprendimiento" itemprop="image" height="150" width="150" title="Ícono Emprendimiento" onerror="this.style.display='none'"  sizes="(max-width: 768px) 100vw, 100vw" srcset="https://www.educaemprende.com/wp-content/uploads/2024/04/Icono-Emprendimiento-150x150.jpg 150w, https://www.educaemprende.com/wp-content/uploads/2024/04/Icono-Emprendimiento-300x300.jpg 300w, https://www.educaemprende.com/wp-content/uploads/2024/04/Icono-Emprendimiento-768x768.jpg 768w, https://www.educaemprende.com/wp-content/uploads/2024/04/Icono-Emprendimiento-630x630.jpg 630w, https://www.educaemprende.com/wp-content/uploads/2024/04/Icono-Emprendimiento-420x420.jpg 420w, https://www.educaemprende.com/wp-content/uploads/2024/04/Icono-Emprendimiento-840x840.jpg 840w, https://www.educaemprende.com/wp-content/uploads/2024/04/Icono-Emprendimiento-315x315.jpg 315w, https://www.educaemprende.com/wp-content/uploads/2024/04/Icono-Emprendimiento-100x100.jpg 100w, https://www.educaemprende.com/wp-content/uploads/2024/04/Icono-Emprendimiento.jpg 1000w" />							
	<hr />
	<p>Crear una cultura de emprendimiento en los colegios, ampliar la visión de los estudiantes brindándoles otra alternativa para su futuro y apoyándolos para que transformen sus sueños y pasiones en una realidad, así como formarlos como <strong>agentes de cambio, capaces de innovar, emprender y contribuir activamente al crecimiento de su comunidad</strong>.</p>
	<h3>VALORES</h3>
			Emprendimiento con propósito
		<p>Fomentamos ideas que no solo generen valor económico, sino tambien social y ambiental.</p>
			Innovación Educativa
		<p>Diseñamos experiencias de aprendizaje dinámicas, prácticas y alineadas con las necesidades de mundo actual.</p>
			Colaboración
		<p>Trabajamos en alianza con colegios, docentes, familias y estudiantes, reconociendo el valor del trabajo en equipo.</p>
			Impacto Positivo
		<p>Creemos en el poder transformador de la educación emprendedora para mejorar vidas y comunidades</p>
		<meta itemprop="url" content="https://www.educaemprende.com/wp-content/uploads/2025/10/VIDEO-PROMOCIONAL-EDUCAEMPRENDE-5-comprimido.mp4" /><div style="width: 640px;" class="wp-video"><!--[if lt IE 9]><script>document.createElement('video');</script><![endif]-->
<video class="wp-video-shortcode" id="video-989099-1" width="640" height="360" poster="https://www.educaemprende.com/wp-content/uploads/2023/12/Valores-1.jpg" preload="none" controls="controls"><source type="video/mp4" src="https://www.educaemprende.com/wp-content/uploads/2025/10/VIDEO-PROMOCIONAL-EDUCAEMPRENDE-5-comprimido.mp4?_=1" /><source type="video/mp4" src="https://www.educaemprende.com/wp-content/uploads/2025/10/VIDEO-PROMOCIONAL-EDUCAEMPRENDE-5-comprimido.mp4?_=1" /><a href="https://www.educaemprende.com/wp-content/uploads/2025/10/VIDEO-PROMOCIONAL-EDUCAEMPRENDE-5-comprimido.mp4">https://www.educaemprende.com/wp-content/uploads/2025/10/VIDEO-PROMOCIONAL-EDUCAEMPRENDE-5-comprimido.mp4</a></video></div>	

</div><!-- .vgblk-rw-wrapper -->

<p>EDUCAEMPRENDE ¿Qué es Educaemprende? En Educaemprende transformamos la educación escolar, desarrollando cultura empresarial y emprendimiento en los estudiantes de primaria y secundaria a través de un programa estructurado, experiencias prácticas y el trabajo conjunto con instituciones educativas, formamos jóvenes íntegros, creativos, con habilidades empresariales y para la vida, capaces de generar un impacto positivo en&#8230;</p>

EDUCAEMPRENDE ¿Qué es Educaemprende? En Educaemprende transformamos la educación escolar, desarrollando cultura empresarial y emprendimiento en los estudiantes de primaria y secundaria a través de un programa estructurado, experiencias prácticas y el trabajo conjunto con instituciones educativas, formamos jóvenes íntegros, creativos, con habilidades empresariales y para la vida, capaces de generar un impacto positivo en...
